git of y?
7
Let a = -97 + 220. What is the tens digit of a?
2
Let q = -17 - -26. What is the tens digit of (-53)/(-1) - (-7 + q)?
5
Suppose 33*i - 23*i - 16640 = 0. What is the thousands digit of i?
1
Suppose -3*d + 18 = -3*l, -3*d + 2*l + 22 = -3*l. What is the tens digit of (((-2)/d)/(-1))/(2/292)?
7
What is the thousands digit of 469880/204 + (1 - 8/6)?
2
Suppose -4*n + 1286 = -714. What is the tens digit of n?
0
Let p(l) = l - 11. Let o be p(18). Suppose -6*g - 149 = -o*g. What is the units digit of g?
9
Suppose -9*z + 4*z + 1800 = 0. Suppose -4*t - z = 5*d, 2*t + 0*t + 186 = -4*d. Let s = -60 - t. What is the units digit of s?
5
Let z(m) = 6*m - 2. Let h be 7/(-2)*(-240)/84. What is the tens digit of z(h)?
5
Let j(c) = 335*c - 862. What is the tens digit of j(7)?
8
Let p = 14 + -5. Suppose -6*m + p = -3*m. Suppose -2*r + m + 9 = 0. What is the units digit of r?
6
Suppose l - 6 = -3*o, 2 = -l + 3*l - 4*o. Let z = l - -1. Suppose z*b = 20, 0 = -v - 0*b + 3*b + 7. What is the tens digit of v?
2
Let f(m) = -m**3 - 4*m**2 + m - 1. Suppose 31 = -3*t + h - 5*h, 5*t + 13 = 3*h. What is the tens digit of f(t)?
1
Let q be 1269/99 - (-1)/(-11)*-2. Let t = q - -47. What is the units digit of t?
0
Let n(j) = -j**3 - 4*j**2 + 2. Let q(s) = 3*s + 15. Let v be q(-7). What is the units digit of n(v)?
4
Let s = -7747 - -11277. What is the tens digit of s?
3
Let r be 100/3*(-12)/(-8). Let l be (0*(-1)/3)/(-3). Suppose -3*d + r = -2*x, 5*d + 3*x + x - 76 = l. What is the units digit of d?
6
Let x = 55 - 55. Suppose -6 = -2*z, 2*g + x*g + z - 65 = 0. What is the tens digit of g?
3
What is the units digit of 8 + 3 - 5 - 318*-1?
4
Let o = 2 - -1. Suppose -2*u + 750 = o*u. What is the tens digit of u?
5
Let s(r) = 8*r**2 + 11*r. Suppose -3*c = 5 + 10. What is the units digit of s(c)?
5
Let j(o) = -o**3 - 7*o**2 + o + 12. Let y be j(-7). Suppose -5*q - 2*a + 50 = 3*a, -q + y*a - 8 = 0. What is the units digit of q?
7
Let n = 3529 - 673. What is the thousands digit of n?
2
Let s = 8451 - 4824. What is the thousands digit of s?
3
Suppose 2*l + 7 = i - 0*i, 5*l + 16 = 2*i. Suppose -143 = -w + i*g, -5*w + w - 4*g = -588. What is the hundreds digit of w?
1
Suppose t - x + 5 = 0, -x = -4*t - 0*x - 29. Let c = t + 13. Suppose -c*z = -84 - 86. What is the units digit of z?
4
Suppose -5*k = 4*a - 20, -5*a = -k + 1 + 3. Suppose 11*i - 665 = k*i. What is the units digit of i?
5
Let x(q) = -3*q + 5. Suppose 5 + 55 = 2*n. Suppose -n = 5*h - 5. What is the units digit of x(h)?
0
Let k = -30 + 35. Suppose k*x = 10, 0 = 3*q + 4*x - 1 - 13. What is the units digit of q?
2
Suppose -9 + 5 = -5*s - 8*u, -u - 22 = -5*s. What is the units digit of s?
4
Suppose -5*n = 3*x + 6, 12 = -5*n - x - 0*x. Let s = 6 + n. Suppose s - 76 = -3*k - w, 3*w + 56 = 2*k. What is the tens digit of k?
2
Let a be ((60/4)/(-3))/1. Let c(m) = -12*m - 3. What is the units digit of c(a)?
7
Let v(f) = -4*f - 13. Let o be v(-8). Let k = -13 + o. Suppose 2*h = k*h - 228. What is the tens digit of h?
5
Suppose -10*r = -2821 - 939. Suppose 0*m + 4*i - 571 = -3*m, -2*m + 2*i + r = 0. What is the hundreds digit of m?
1
Suppose 11*z = 14631 - 12. What is the units digit of z?
9
Suppose -2*i - 2*w = -2, -5*i = 3*w + w - 6. Let x be 8*i*9/(-12). What is the units digit of 9/x*1*-16?
2
Let u = 7 + -7. Suppose u = -5*w + 2*a + 9, 0 = a - 3. Suppose 5*v - d - 19 = 0, 8*d + 3 = 2*v + w*d. What is the units digit of v?
4
Let s(t) = -80*t + 172. What is the thousands digit of s(-14)?
1
Let r = -105 - -109. Suppose -d - r*c + 28 + 116 = 0, 3*d - 440 = -4*c. What is the units digit of d?
8
Let o be ((-50)/(-60))/((-1)/(-6)). Let w be (-1 - 1) + 2 + o. Suppose -w*l - 3*y + 10 = -102, -5*l - y + 104 = 0. What is the tens digit of l?
2
Let w(f) = 46 - 14*f + f + 6*f - 9*f. What is the units digit of w(-11)?
2
Suppose -2973 - 922 = -19*w. What is the tens digit of w?
0
Suppose 13*j - 66 = -1. Suppose 5*p - 664 = p + g, -830 = -j*p - 5*g. What is the tens digit of p?
6
Let p = 216 + -412. What is the tens digit of 8/12 + p/(-3)?
6
Suppose -f - 3*f + 456 = 0. Let p = 170 - f. What is the tens digit of p?
5
Let a be (-125)/(-30) - (-2)/(-12). Suppose 0 = -a*z + z + 48. What is the units digit of z?
6
Suppose -3*f - 2 + 89 = 0. Let u be (-134)/10 + 3/(-5). Let t = u + f. What is the units digit of t?
5
Let v(w) = -440*w - 627. What is the tens digit of v(-10)?
7
Suppose 3*z - 21 = 3. Let y = -3 + z. Let f = 7 - y. What is the units digit of f?
2
Suppose 428*k = 439*k - 6798. What is the tens digit of k?
1
Let r = 1032 + -380. What is the tens digit of r?
5
Suppose 0 = -12*g + 8737 + 359. What is the units digit of g?
8
Let t(d) = 7*d**2 - 6*d + 4. Let u(s) = -s**3 + 4*s**2 - 2*s - 1. Let o(f) = -f + 4. Let q be o(2). Let y be u(q). What is the units digit of t(y)?
9
Let k(b) = -5*b - 7. Let g be k(-5). What is the hundreds digit of g/(-135) + 7744/30?
2
Let s(v) = v**3 + 11*v**2 - 25*v + 20. Let o be s(-13). Let i(h) = h**2 - 2*h + 39. What is the tens digit of i(o)?
7
Let n be ((-36)/48)/((-1)/(-4)). What is the tens digit of 1/9*n - (-104)/6?
1
What is the units digit of (213/(-10)*2)/((-2)/30)?
9
Let j = -111 + 24. Let x = 125 + j. Let f = x - 20. What is the tens digit of f?
1
Let f(a) = 89*a + 16. Let i be f(5). Let h = -250 + i. What is the units digit of h?
1
Let n(r) = r - 5*r - 1 + 2*r. Suppose -5*c - 2 = 3. What is the units digit of n(c)?
1
Let t(n) = -n**2 + 6*n - 3. Let m be t(6). Let a be (2 + 9/m)*1. What is the units digit of a*(3 - -38)*-1?
1
Let w = 0 + 56. Suppose 0 = -m - 10 + w. What is the units digit of m?
6
Let k(s) = 5*s**2 + 5*s. Let v be k(-4). Let y be 0*(-1)/(4/4). Suppose -2*x + y*x = -v. What is the units digit of x?
0
Let t = 1567 - 341. What is the units digit of t?
6
Suppose -5*b + 8 = 3. What is the tens digit of (2370/4)/(-15)*(b - 3)?
7
Let d be (36/(-7))/((-18)/84). Let t = d + 30. What is the units digit of t?
4
Let y be 3*(-4)/12 - -225. Let b = y - 159. What is the units digit of b?
5
Let w(d) = -d**3 - 3*d**2 + 2*d - 1. Let n be w(-4). Suppose -2*k = -n + 3. What is the units digit of (0 - -1)*(20 - k)?
8
Suppose 3*o + 35 = f, f + f - 15 = -5*o. Let q = f - 6. Let b = q + 27. What is the units digit of b?
1
Suppose -5*o = -4*g - 18, 6*g = -2*o + g + 27. Let f(q) = q**3 + 2*q**2 + 2*q - 4. Let s be f(4). Suppose -o*t = -t - s. What is the tens digit of t?
2
Let l be 8 + (4 - 8) + 44. Suppose -3*f + l = -6*f. What is the tens digit of (f/(-4))/((-6)/(-51))?
3
Let q be (-1 - -5 - (-59 + 8)) + 2. Let u = q - 38. What is the units digit of u?
9
Let g(u) = u**2 + 7*u - 9. Let a be g(3). Let s = a + 43. What is the tens digit of s?
6
Let s = 5585 - 3165. What is the thousands digit of s?
2
Let o = -113 - -119. Let r(w) = 6*w**2 - 11*w - 4. What is the hundreds digit of r(o)?
1
Suppose -2*h - 11 + 31 = 4*z, -4*h + 28 = 5*z. Suppose r - h*j = 5*r - 1274, r - 306 = -3*j. What is the tens digit of r?
2
Suppose 0 = u + 26 - 28. Let l(t) = -6*t - 4. Let d be l(-5). Suppose -u*p = -p - d. What is the units digit of p?
6
What is the hundreds digit of ((5220/(-8))/9)/(1/(-2))?
1
Let u be 1*-14 - (14 - 13). Let j = -13 - u. Suppose -j*h + 0*h - 2*n = -44, 5*n + 51 = 2*h. What is the units digit of h?
3
Let i(w) be the third derivative of 2/15*w**6 + 1/60*w**5 + 0 + 1/6*w**3 - 1/24*w**4 + 0*w - w**2. What is the units digit of i(1)?
7
Let x(d) = d**2 + 2*d - 10. Let g be x(5). What is the units digit of g*(9 - 5) + -1*1?
9
Suppose 0 = 3*o - 2*t + 4*t - 9035, o - 2*t - 3017 = 0. What is the units digit of o?
3
Let q(c) = -c**3 + c**2 - 2. Let g(l) = l**2 - 4*l + 3. Let w be g(3). Let h be q(w). What is the units digit of (-29)/h*(11 - 9)?
9
Suppose 30*k = 15*k + 10320. What is the tens digit of k?
8
Let a be (-5)/(-2)*594/45. Suppose -2*v - j + a = 0, -8 = -v - 2*j + 13. What is the units digit of v?
5
Let j(t) = -t**3 - 9*t**2 - 10*t + 7. Suppose 3*m = -7*m - 80. What is the units digit of j(m)?
3
Let t(g) = -g + 11. Let o(c) = c - 11. Let d(v) = -2*o(v) - 3*t(v). Let l be d(9). Let s(z) = -9*z + 2. What is the tens digit of s(l)?
2
Suppose -4*v + 20 = 0, 0 = 6*j - j - v - 2720. Suppose -38*f + 43*f = j. What is the hundreds digit of f?
1
Let s be (2 + -1)*(16 + -15). Suppose 0 = f - 3 - s. What is the ten